 + 3406113. Is c a composite number?
False
Let w(z) = -4782*z - 363. Let h(t) = 2391*t + 182. Let a(d) = -11*h(d) - 6*w(d). Is a(5) a prime number?
False
Let q(j) = 3*j**2 - 16*j - 23. Let v(k) = -7*k**2 + 32*k + 47. Let a(i) = 9*q(i) + 4*v(i). Let m be a(-9). Let u = m - -83. Is u a prime number?
True
Suppose 11*b - 205 - 2699 = 0. Let m = -177 + b. Is m composite?
True
Let n be (-1)/(-2) - (-63)/6. Let m be 14/2 + 2 - 1. Suppose 435 = -m*j + n*j. Is j a prime number?
False
Let f = 10 - -29. Let x be (f/(-15) - -2)/(6/(-20)). Suppose 0 = -5*m + 3*m + 3*t + 850, -2*t + 830 = x*m. Is m a prime number?
True
Let t(k) = 418*k**2 + 2*k + 12. Let x be t(-3). Suppose -x = -11*o - o. Is o composite?
True
Let b(a) = -4*a - 7. Let u be b(-3). Let x(w) be the second derivative of 31*w**4/6 - w**3/2 + 4*w**2 + 5*w. Is x(u) prime?
True
Suppose 3*c - 15 = -0*c. Suppose 0 = -4*d + c*p - 388, -d - 2*p = -16 + 113. Is -34*5/10*d prime?
False
Let t = 14892 - -44117. Is t a composite number?
False
Suppose 4*y + 1798299 = 3*k, -4*k + 183*y = 188*y - 2397794. Is k a composite number?
True
Suppose -444*i + 443*i + 11073 = 0. Suppose 363*t - 360*t - i = 0. Is t composite?
False
Let i = -1031 - -3534. Is i a prime number?
True
Let k(c) = -c**3 + 4*c**2 + 6*c - 4. Let g be k(4). Suppose g + 0 = 4*w. Suppose -w*x + 5006 + 2829 = 0. Is x a prime number?
True
Let c be (-312)/(-42) + ((-36)/21)/4. Suppose 0 = 3*i - 5*i + 5*t + 2264, 5606 = 5*i + t. Suppose z + i = c*z. Is z composite?
True
Suppose 336841 - 1837267 = -4*l + 1902890. Is l a composite number?
True
Let m(r) = r**3 - 22*r**2 + 22*r - 37. Let t be m(21). Is (t/4 + 9)*107*1 a composite number?
True
Let f = 69226 + -32997. Is f prime?
True
Suppose 276*s - 289199770 = -98*s + 44671152. Is s a prime number?
False
Suppose -4*f = -8*f - 20, b - 17 = 4*f. Is -9 + 13 - b*563 a composite number?
False
Let u(f) = -f**2 - 8*f. Let d be u(-3). Let o = d - 12. Is (-3168)/(-10) + o/15 prime?
True
Let p = -4157 + 2211. Let y = 3743 + p. Is y composite?
True
Let x(s) = -11*s**3 + 2*s**2 + 5*s - 7. Let i = 18 + -1. Let v(y) = y - 22. Let l be v(i). Is x(l) prime?
False
Let w be (5/20*4)/(-1 + 0). Is ((-807)/w)/(1*(-15)/(-10)) composite?
True
Suppose -4*z - 205*s + 176936 = -207*s, -4*s - 88486 = -2*z. Is z composite?
True
Let f = 8093 + -4362. Let z = -9 + 15. Is z/(-4) + f/14 composite?
True
Let n(w) = 46*w - 5. Let i be n(6). Let r be (-8 - (-3339)/(-18)) + (-3)/6. Let s = i + r. Is s composite?
True
Suppose -2*d = -7*d - 8565. Let s = 431 + d. Is -7 - s - (0 + -2) a composite number?
False
Let u(t) be the second derivative of -463*t**3/2 + 5*t**2 + 75*t + 1. Is u(-1) a prime number?
True
Let i(f) = 362*f + 2185. Let y be i(-6). Suppose 4*j - 3*h - 31426 = 0, -h + 0 = 2. Suppose 8*w - y*w + j = 0. Is w a composite number?
False
Let y = 415177 - 248114. Suppose 18*c = y + 68467. Is c a prime number?
False
Let m = -5762 - -21268. Is m a composite number?
True
Suppose 2005244 + 2078855 + 251692 = 41*f. Is f prime?
True
Suppose 0 = 3*p - 3, 2*p = 4*a - 670669 - 5573. Is a prime?
False
Suppose d - 256721 = -3*a, -166*a + 256725 = -163*a + 3*d. Is a composite?
True
Suppose x + 2 = -5*p, 0 = -7*x + 3*x + 2*p + 36. Let c(d) be the third derivative of 37*d**4/12 - 5*d**3/6 + 10*d**2. Is c(x) a composite number?
False
Suppose -3*u = -4*x + 2265, 14*u + 771 = 13*u - 4*x. Let b = 4442 + u. Is b composite?
True
Suppose 0 = -3*b - 12, 3*b + 389420 = 3*n + 139799. Is n a prime number?
True
Let h = 1030697 - -297656. Is h a prime number?
False
Let b(s) = -454*s**3 - 7*s**2 - 12*s - 143. Is b(-6) prime?
False
Suppose -101*f + 102*f = 0. Suppose f = -27*v + 28442 + 15757. Is v a prime number?
True
Suppose 0 = -3*l + 2*o + 60841, -5*l + 101403 = 28*o - 30*o. Is l a composite number?
True
Suppose -10 = -5*l, v - 1465 = 2*l - 347. Let d be ((-204)/(-18))/(-1 - 25/(-15)). Suppose v = 23*o - d*o. Is o a composite number?
True
Suppose 3*l - q = 138980, 105*q + 138985 = 3*l + 109*q. Is l a composite number?
False
Suppose -9981 = -l - 4*i, -2*l - 2*l + 39957 = 5*i. Suppose 2425 = m - 4*j - 7566, 0 = m - 3*j - l. Suppose 0 = 11*k - 2*k - m. Is k a prime number?
False
Suppose -f + 2*f - 4*k - 7012 = 0, 4*f - 28012 = -2*k. Let d = -3704 + f. Suppose 3*p = -2*h + 1735, 0 = 5*p + 5*h + 415 - d. Is p composite?
True
Suppose 2*w = -10 + 16. Is ((-4)/(-10))/(w/108255*7) a composite number?
True
Let z(i) = -i**3 + 3*i**2 - 8. Let s be z(-12). Suppose w - 2170 = -3*c, w - 12*c = -9*c + s. Is w a composite number?
False
Let j be (24/(-2))/(3/15). Let t = 2402 - 2394. Is j/t*(-46)/3 prime?
False
Suppose 7*x + 17288 = 19*x - 964. Let o(i) = i**2 + 4*i - 8. Let v be o(-6). Suppose v*u + 5*l - x = 1815, -u = -5*l - 809. Is u composite?
False
Suppose -612*x + 603*x + 1643211 = 0. Is x prime?
True
Let x(z) = 72*z**2 + 10*z - 338. Is x(34) a prime number?
False
Suppose 0 = -101*o + 113*o - 532212. Is o prime?
True
Suppose 2*s = -9*y + 80207, 2*s + 17552 = -4*y + 97734. Is s a prime number?
False
Is (-151914)/(-7) + (-4)/12*3 composite?
False
Suppose 7*p - 262363 = -22*p. Let j = 540 + p. Is j composite?
False
Let k(u) = 1. Let v(r) = -387*r + 38. Let f(m) = -4*k(m) + v(m). Is f(-7) a prime number?
False
Let q(k) = 137*k**3 + 20*k**2 + 32*k - 235. Is q(9) prime?
False
Let f = 89240 + -55783. Is f a composite number?
False
Let c(a) = a. Let r be c(4). Suppose 0 = -5*x - 4*n - 10078, r*x - n = -0*n - 8075. Is (x/4 - 1)/(7/(-14)) a prime number?
False
Suppose 94*q - 14494843 = -8187021 + 35437108. Is q a composite number?
True
Let y = 5 - -1. Suppose 5*c + 2 = y*c. Suppose 0*b - 4296 = -4*o + 4*b, 0 = -c*b + 6. Is o composite?
True
Suppose 4*w = 0, -2*k = 4*w - w - 2. Let d(g) = -g**2 + 11*g - 9. Let n be d(10). Is 508 - (n + -2)*k composite?
False
Let u be 6/(-8) - 54*(-12)/(-32). Let x be 7*6/u*6. Let b(c) = -3*c**3 + 28*c**2 + 11*c + 7. Is b(x) prime?
True
Let k be 4/(-14) - (-32)/(-168)*-17883. Suppose -k = -6*q + 16928. Is q a composite number?
False
Suppose -252*o = -244*o - 43408. Suppose -2*s + o = -8096. Is s a prime number?
True
Suppose -18 = 3*d, 11*t - 7*t - 4*d = 1357180. Is t prime?
True
Let p = -105 - -105. Suppose -4*a - 5*v + 3878 = 0, p*v + v + 965 = a. Is a a composite number?
False
Suppose -3*i = 2*k - 1968 - 771, -2*i - 2754 = -2*k. Let p = k + -300. Let y = p - 329. Is y a composite number?
True
Is (-4 + (-119)/(-42) + 1)*26*-110013 composite?
True
Let b = 613649 - 285578. Is b composite?
True
Let k be ((-2795)/(-10))/((7/(-6))/(-7)). Let f = -25 + k. Suppose m = -5*p + f, 2*p + 6630 = 2*m + 2*m. Is m composite?
False
Is (15/(-4)*(-6766616)/(-159))/(-2) a prime number?
False
Suppose h - 41 = -k + 22, k + 4*h - 72 = 0. Suppose 4*l = 5*o + 271, 4*o - k = 2*l - 188. Let s = l + 13. Is s prime?
False
Let p = 130 + 1643. Is 4*-37*p/(-36) a composite number?
True
Let x(g) = -g**3 - 2*g**2 - g + 3. Suppose -3*q = -8*q. Let k be x(q). Suppose 0 = -2*y + 1 - 9, -k*h = y - 3653. Is h prime?
False
Let j = 17 + 9. Let l be (-8)/(-52) - (-464)/j. Is (-20)/(-90) - (-36950)/l a composite number?
False
Let k = -102 - -87. Is k/20 - 5901/(-12) a composite number?
False
Let c(o) = 26*o**2 - 3*o + 186. Is c(53) a composite number?
False
Suppose -3*p + 709372 = 4*o - 205387, -2*o + 609840 = 2*p. Is p composite?
True
Suppose 65808 = -0*n + 4*n. Suppose 102 = -38*x - 19 + 7. Is (x/2)/((-54)/n) composite?
False
Is ((-31)/(-31))/(6/160782) a prime number?
False
Suppose -43*d + 65*d = 56562. Is d a prime number?
False
Let s be (39210/(-25))/((-10)/(-25)). Let o = -2170 - s. Is o composite?
True
Suppose -5*i + 138 + 207 = 0. Suppose -y + i = -2202. Is y prime?
False
Let k = 94 - 90. Suppose 4 = 4*b, -2*t + 0 = 4*b - k. Is -2 + 1 - (t - 624) a prime number?
False
Let l = 133204 + 230125. Is l a composite number?
False
Suppose -2*d - 6 = -2, 0 = 4*s - 3*d - 3342. Let g be s/(-30) - (-3)/(-15). Is 7/g - (-3930)/8 composite?
False
Let a(v) = 4765*v + 664. Is a(7) a composite number?
False
Suppose -9 = -92*q + 83*q. Let k(i) = 1542*i**2 - i + 2. Is k(q) a prime number?
True
Let a = 117632 - 73765. Is a prime?
True
Let a(u) = 774*u + 74. Suppose 301*c + 80 = 309*c. Is a(c) a prime number?
False
Suppose u - 2*g = 2*u + 829, 0 = 5*u - g + 4112. Let k(x) = -5*x**2 - 2*x + 3. Let j